*x**2 - x - 1. Let t be m(d). Let f be (1 + t)/(-1 + 0). What is p(f)?
11
Let o(x) = 2*x**3 - x**2 - x - 1. Let g(q) = -q**3 - 4*q**2 + 6*q + 4. Let u(s) = g(s) + o(s). What is u(4)?
7
Let y(z) = -z - 9. Suppose 0*g = -8*g + 32. Let s be ((-9)/(-2))/((14/g)/(-7)). Give y(s).
0
Suppose 0 = -5*f + 3*f. Suppose f*a = a - 4. Let i(j) = -j**2 + 6*j - 4. Give i(a).
4
Let v(i) = -3*i**2 - 3*i + 8. Let h be v(0). Let u(a) = 2*a + 9. What is u(h)?
25
Let z(g) = 4*g + 12. Let i(x) = -6*x - 23. Let p(v) = -3*i(v) - 5*z(v). Calculate p(8).
-7
Let f be -4*(1/2 - 1). Suppose f = -4*o + 10. Let z(w) = 2 + 283*w - 4 + 1 + w**3 - 282*w - 2*w**2. What is z(o)?
1
Let j be ((-3)/(-6))/(18/396). Let z(l) be the third derivative of 0*l**4 - 1/120*l**6 + 0 + 0*l + 0*l**5 + j*l**2 + 10/3*l**3. Give z(0).
20
Let o be (-4 - (1 + 6)) + 3. Let i(b) = b**3 + 8*b**2 - b - 5. Give i(o).
3
Suppose 18 = 5*p - 4*r, 3*p + 7*r - 6*r = 21. Let d(g) = -g**2 + 11*g - 2. Let y(q) = q**2 - 10*q + 1. Let n(u) = -6*d(u) - 7*y(u). What is n(p)?
-7
Let q be 0/(12/3) + 1*4. Suppose -2*u - q*f = 2*u, 5*f = 5*u - 20. Let r(b) = 3*b + 1. Calculate r(u).
7
Let b(q) be the third derivative of -q**4/12 + q**3/3 - 302*q**2. Suppose 3*w = -f - 0 + 2, 3*w = -3*f - 6. Let n be (f/(-3) - 2)*-3. Determine b(n).
-2
Let j(l) = 5*l**3 - 10*l**2 - 4*l - 7. Let v(y) = -2*y**3 + y**2 - y. Let c(w) = -j(w) - 3*v(w). Suppose 0*m - 6 = m. Calculate c(m).
1
Let s(m) = 26 - 3*m + 8*m**3 - 28 - 7*m**3 + m**2. Let x be s(-2). Let o(a) = -a + 2. Determine o(x).
2
Suppose -15*p + 21*p - 30 = 0. Let j(g) = g**2 - 3*g - 6. Give j(p).
4
Let r(x) be the first derivative of -x**5/120 + x**4/3 + 20*x**3/3 + 13. Let h(k) be the third derivative of r(k). Let q be (45/(-21) + 3)*7. Give h(q).
2
Let j(l) = -l + 1. Let s be j(3). Let w(b) = -9 + 10*b + 3 + 9. Let h(z) = 7*z + 2. Let c(m) = 7*h(m) - 5*w(m). What is c(s)?
1
Let k = 23/300 - -1/150. Let b(r) be the second derivative of 0*r**2 + 1/2*r**3 + 0 + 3*r + k*r**4. Determine b(-5).
10
Let n(d) = d**2 - 2*d + 1. Let s(h) = -h**3 + 9*h**2 - 13*h - 15. Let g(u) = -3*n(u) - s(u). Give g(10).
2
Let a(j) = j**3 + 5*j**2 + 4*j + 3. Let m be 4/6 - 1 - (-336)/63. Suppose 2*o = -4*y + o - 12, m*y + 5*o = 0. Give a(y).
3
Let b(g) be the second derivative of -3*g**3/2 + 9*g**2/2 - 382*g + 2. Determine b(2).
-9
Let u(q) = q. Let p(h) = 4*h - 8. Let i be p(-7). Let c = 38 + i. What is u(c)?
2
Let n(h) be the first derivative of h**4/4 - 10*h**3/3 - h**2 + 14*h - 118. Give n(10).
-6
Let c(v) = v - 5. Let l(h) = h - 1. Let j be l(-8). Let d = 10 + j. Let k = d + 5. Determine c(k).
1
Let d(j) = -2*j**2 - 5*j + 7. Let w(f) = -f**3 - 5*f**2 - 8*f - 10. Let s be w(-2). What is d(s)?
-35
Let t(v) = 17*v**2 - 8*v + 8. Let i(o) = -6*o**2 + 3*o - 3. Let k = 6 - -5. Let w be (-18)/(-5) - 2/(-5). Let m(b) = k*i(b) + w*t(b). Give m(1).
2
Suppose 0*h - 40 = -5*h - 5*t, 0 = -3*h + t + 8. Suppose -2*u + 11 + 5 = h*l, 4*l - 8 = 0. Let g(f) = f - 5. Calculate g(u).
-1
Let d = -220 + 210. Let q(a) = -a**2 - 9*a + 12. What is q(d)?
2
Let s(j) be the second derivative of -j**5/20 + j**4/6 - j**2/2 - 3*j - 6. What is s(2)?
-1
Let q(y) = -2*y - 11. Let u(o) be the third derivative of o**4/24 + 5*o**3/3 - 13*o**2. Let a(v) = 2*q(v) + 3*u(v). Determine a(0).
8
Let v(n) be the third derivative of n**7/2520 + n**6/360 - n**5/24 - n**4/8 - 10*n**2. Let x(t) be the second derivative of v(t). Give x(-5).
10
Let r(d) = -d**2 + 6*d + 4. Let b(a) = a**2 - 7*a - 8. Let m(k) = k**2 - 7*k - 9. Let n(p) = -4*b(p) + 3*m(p). Let u(f) = 5*n(f) - 6*r(f). Give u(1).
1
Let n(l) = -l**2 + 9*l - 1. Let t be (99/(-11))/(3/(-2)). Calculate n(t).
17
Let m(z) = 1 + z - 6*z - 3 + 3*z. Suppose -6 = 2*v, 2*o + 3*o = 5*v + 25. Determine m(o).
-6
Suppose 42 + 13 = 11*y. Let p(j) = j**3 - 7*j**2 + 10*j - 10. Calculate p(y).
-10
Let r(v) = 7*v - 22. Suppose 8 = 4*w - 2*y, 0 = -4*w - 4*y - 36 + 56. Give r(w).
-1
Let l(i) = -7*i**2 - 9*i + 1. Let o(r) = 6*r**2 + 8*r - 1. Let d(n) = -5*l(n) - 6*o(n). Let k be (-176)/10 + (-4)/10. Let g be k/(-3)*2/(-3). What is d(g)?
-3
Let n(g) = -g**3 - 4*g**2 - 4*g. Let j be n(-1). Let v(q) = -q**2 - q + 1. Calculate v(j).
-1
Let t(l) = -4*l**2 - 3*l - 5 + l**3 + 2 - 3*l**3 + l**3. Let u = -13 + 15. Let k be -6*-5*u/(-15). What is t(k)?
9
Let d(g) = g**3 - 2*g**2 + 6. Let b be (-4)/((100/75)/(4/(-6))). Calculate d(b).
6
Suppose l + 0*l - 54 = -3*y, 4*l - 146 = 2*y. Let d(s) = -20 + l - 8*s - 19. Calculate d(-1).
8
Let u = -35 + 40. Let p(t) be the first derivative of -t**3/3 - t**2 - 7*t - 1. Let q(y) = y**2 + 5*y + 13. Let j(r) = u*p(r) + 3*q(r). What is j(4)?
-8
Let z be (-4)/(-6) - (50/(-6) - -2). Let h(s) = 5*s**3 - 3*s**2 + 4*s - 2. Let t(x) = -4*x**3 + 4*x**2 - 3*x + 1. Let d(u) = 3*h(u) + 4*t(u). Determine d(z).
-2
Let x(r) be the first derivative of r**3/3 - 5*r**2/2 + 6*r - 310. Give x(4).
2
Let u(z) = 6*z**2 - 23*z + 8. Let b(x) = 4*x**2 - 16*x + 6. Let n(h) = 7*b(h) - 5*u(h). Determine n(2).
0
Let j(s) = s**2 + 3*s - 2. Let k be (24/(-20))/((-3)/(-10)). Let q be j(k). Let m(z) = -z - 1. Let f(l) = 9*l + 6. Let w(o) = 2*f(o) + 14*m(o). Calculate w(q).
6
Let b(y) = -7*y**3 - y**2. Let n be b(-1). Suppose n*j - 2*j - 4*a = 20, 5*a + 10 = 0. Suppose 4*p = 6*p + 4, -p = -c + j. Let l(k) = -2*k - 1. Determine l(c).
-3
Suppose -3*v = -3*i, -v - 3 = -5*i + 5. Let q(r) = -4*r**2 + 5*r**2 + 3*r - i - 9*r. Let n = -18 + 25. What is q(n)?
5
Let p(a) = a**3 + 6*a**2 + 3*a - 7. Let b be p(-5). Let d(h) = -8*h + 5. Let w(m) = m - 1. Let v(r) = b*d(r) + 15*w(r). Determine v(-1).
9
Suppose -4*b = -2*k - 92, 2*b + 25 - 67 = -k. Let r = -20 + b. Suppose -4*u - 2*h = -2, -r*u + 7*h - 2*h = -31. Let d(t) = t**2 - 3*t + 4. What is d(u)?
4
Let c be ((-2)/(-4))/(10 - (-671)/(-66)). Let s(v) = v**3 + 4*v**2 - 6*v + 3. Let y(b) = -2*b**3 - 8*b**2 + 13*b - 7. Let a(f) = 9*s(f) + 4*y(f). Give a(c).
14
Let d be -1 - -3 - 1*(-4 - 3). Let q(n) = n**2 - 8*n - 8. What is q(d)?
1
Let b(r) = 27 + 7 - 15 + 0 + 2*r. Determine b(-12).
-5
Let c(h) be the second derivative of h**5/20 - h**4/4 - 5*h**3/6 - 5*h**2 - 381*h. What is c(5)?
15
Let b = 1481 + -1479. Let r(j) = -5*j + 8. What is r(b)?
-2
Let p(g) be the third derivative of g**5/60 - 7*g**4/24 + g**3/6 + 2*g**2. Let y = 12 + -20. Let j be 14 + -4 + y + 4. What is p(j)?
-5
Let j(z) = z**2 + 3*z - 3. Let p = -4 + 3. Let d(g) = -g + 4. Let y(t) = t - 5. Let f(i) = 4*d(i) + 3*y(i). Let q be f(p). Give j(q).
7
Suppose -2 = -m + j - 14, 3*m = -5*j - 4. Let r(u) = 2*u + 7. Let d(w) = w + 3. Let n(v) = 11*d(v) - 6*r(v). Calculate n(m).
-1
Suppose 11*q = -2*q. Let s(f) = 9 + 18 - f + q*f - 2. Determine s(0).
25
Let q(i) = 7*i - 1. Let d be (-1)/9 - (-464)/(-36). Let s be 2*(-5)/(-3 - d). What is q(s)?
-8
Let b be -1*(-3 - (-2 - 0)). Let j(d) = -9 + 2 + d - d**2 - 4 - b. Give j(0).
-12
Let w(y) be the third derivative of y**6/120 - y**5/10 - y**4/24 + y**3 + 3*y**2. Suppose 5*n + 2 = 2*o + 3*n, -3*o + 4*n = 2. What is w(o)?
0
Let c(g) = 3*g**2 + 3*g - 1. Let o(i) be the third derivative of -7*i**4/24 - i**3/2 + 18*i**2. Let v be o(0). Give c(v).
17
Let s(k) be the third derivative of -k**4/8 - k**3/3 + 304*k**2. Determine s(-5).
13
Let m(c) = 0 + 4*c**3 + 2*c**3 + 1 + c. Suppose -5*s - 3*q = -3, 4*s + q + 1 = 3*s. Suppose 13*y + s = 10*y. Give m(y).
-6
Let r be 21 - (-4 - (0 - 3)). Suppose 4*y = r - 2. Let u(f) be the first derivative of -f**2/2 + 9*f - 1. Determine u(y).
4
Let m = 526 - 526. Let q(f) = f**3 + f**2 - 3*f + 3. Determine q(m).
3
Suppose -17*q + 8 = -13*q. Let x(g) = 1 + 3*g**2 + 3*g - 2*g + 3*g**q - 12*g**3 - 5*g**2. Give x(-1).
13
Let t(k) = k**2 + 4*k + 3. Let w(j) = -j**2 + 5*j + 33. Let i be w(9). What is t(i)?
0
Let d(i) = -21 + 12 - 2*i - 1. Calculate d(-9).
8
Let i(j) = j**3 + 7*j**2 + 6*j. Suppose -4 = -4*y - o, 0 = -3*o - 6 - 6. Let h be y - (0 + 8 - 0). Give i(h).
0
Let g(u) be the third derivative of u**4/4 + u**3/6 + 32*u**2 - 1. Suppose -5*i = -7*r + 3*r + 1, 4*r - 2*i = -2. Give g(r).
-5
Suppose -3*p + 6 = -0. Let g(r) = -6*r + 2 - 5*r**2 - 6*r - 6*r + 20*r. Give g(p).
-14
Let n(t) = t + 1. Let z(q) = -2*q - 5. Let s(i) = 3*n(i) + z(i). Suppose j + x - 2 = -1, 0 = 3*x + 9. Let g be (j/(-6))/((-3)/18). Calculate s(g).
2
Let h(p) = -p**2 - 7*p - 3. Let u(